en 2976406 is divided by 744078.
94
Calculate the remainder when 2242725 is divided by 96.
69
What is the remainder when 1939892 is divided by 1013?
1010
Calculate the remainder when 38883 is divided by 3433.
1120
What is the remainder when 4549473 is divided by 154?
5
Calculate the remainder when 729397 is divided by 19170.
937
Calculate the remainder when 11491311 is divided by 22.
7
What is the remainder when 37911 is divided by 21?
6
What is the remainder when 186945 is divided by 5?
0
Calculate the remainder when 104151 is divided by 43.
5
What is the remainder when 69401648 is divided by 28258?
0
What is the remainder when 14356028 is divided by 3589006?
4
Calculate the remainder when 322926 is divided by 662.
532
What is the remainder when 237475 is divided by 19680?
1315
What is the remainder when 143746 is divided by 71676?
394
Calculate the remainder when 914826 is divided by 13654.
8
What is the remainder when 4442710 is divided by 450?
310
Calculate the remainder when 4172813 is divided by 142.
1
What is the remainder when 204678168 is divided by 6709?
6705
Calculate the remainder when 21053 is divided by 358.
289
Calculate the remainder when 95641178 is divided by 142.
60
Calculate the remainder when 334135 is divided by 47719.
102
Calculate the remainder when 37866464 is divided by 76.
72
What is the remainder when 761195 is divided by 585?
110
What is the remainder when 240398 is divided by 53?
43
Calculate the remainder when 1474902 is divided by 737449.
4
Calculate the remainder when 443332 is divided by 88657.
47
What is the remainder when 139108 is divided by 139087?
21
What is the remainder when 42352 is divided by 1427?
969
Calculate the remainder when 5802841 is divided by 181338.
25
Calculate the remainder when 12340817 is divided by 892.
889
What is the remainder when 103405 is divided by 1739?
804
What is the remainder when 4380309 is divided by 184?
5
Calculate the remainder when 2123903115 is divided by 47.
46
What is the remainder when 76478 is divided by 2296?
710
What is the remainder when 6247928 is divided by 164?
20
Calculate the remainder when 1033126 is divided by 516559.
8
Calculate the remainder when 1109397 is divided by 211.
170
What is the remainder when 53548889 is divided by 26774442?
5
Calculate the remainder when 3545282 is divided by 131306.
20
What is the remainder when 17780296 is divided by 85?
81
Calculate the remainder when 20495745 is divided by 122.
111
Calculate the remainder when 602295036 is divided by 1851.
1848
Calculate the remainder when 22510 is divided by 6960.
1630
Calculate the remainder when 337080 is divided by 107.
30
What is the remainder when 25318914 is divided by 25318905?
9
What is the remainder when 616375 is divided by 68472?
127
Calculate the remainder when 8197608 is divided by 31.
30
What is the remainder when 216257780 is divided by 24?
20
What is the remainder when 1932883 is divided by 752?
243
Calculate the remainder when 8710751 is divided by 9458.
9391
What is the remainder when 555721 is divided by 467?
458
Calculate the remainder when 110155799 is divided by 2824.
31
Calculate the remainder when 3901740 is divided by 2781.
2778
Calculate the remainder when 35174 is divided by 8116.
2710
What is the remainder when 29598732 is divided by 157?
150
Calculate the remainder when 1927491 is divided by 1333.
1306
Calculate the remainder when 124834593 is divided by 8.
1
Calculate the remainder when 94721776 is divided by 1354.
1352
What is the remainder when 740634 is divided by 35?
34
What is the remainder when 1160530 is divided by 160?
50
Calculate the remainder when 2834767 is divided by 319.
133
Calculate the remainder when 826578 is divided by 2114.
4
What is the remainder when 158569 is divided by 2446?
2025
What is the remainder when 34633736 is divided by 24?
8
Calculate the remainder when 29534 is divided by 9569.
827
What is the remainder when 4875141 is divided by 62?
19
Calculate the remainder when 442510 is divided by 4180.
3610
Calculate the remainder when 21062296 is divided by 15777.
1
What is the remainder when 711181 is divided by 11112?
13
Calculate the remainder when 4593375 is divided by 7385.
7290
Calculate the remainder when 47074425 is divided by 306.
303
What is the remainder when 774520 is divided by 1276?
1264
Calculate the remainder when 45455 is divided by 926.
81
What is the remainder when 65349 is divided by 1415?
259
What is the remainder when 1185647 is divided by 22800?
47
What is the remainder when 392501 is divided by 134?
15
Calculate the remainder when 1232600 is divided by 65.
5
Calculate the remainder when 9776 is divided by 4683.
410
What is the remainder when 5488596 is divided by 9366?
120
What is the remainder when 1544683 is divided by 13432?
3
Calculate the remainder when 271323 is divided by 1268.
1239
Calculate the remainder when 17281966 is divided by 785541.
64
Calculate the remainder when 35062283 is divided by 349.
347
What is the remainder when 74008 is divided by 39?
25
What is the remainder when 120872 is divided by 40278?
38
What is the remainder when 3731858 is divided by 1865702?
454
Calculate the remainder when 2763941 is divided by 84.
5
What is the remainder when 299317 is divided by 99562?
631
Calculate the remainder when 143449 is divided by 655.
4
What is the remainder when 3301876 is divided by 1161?
1153
Calculate the remainder when 303580 is divided by 136.
28
What is the remainder when 1719442 is divided by 148?
126
What is the remainder when 304885 is divided by 81?
1
What is the remainder when 13237930 is divided by 378?
370
What is the remainder when 4735119 is divided by 21?
18
What is the remainder when 1244385 is divided by 17525?
110
Calculate the remainder when 50286 is divided by 600.
486
Calculate the remainder when 33597978 is divided by 3808.
3802
What is the remainder when 7631923 is divided by 953972?
147
What is the remainder when 6657246 is divided by 175189?
64
What is the remainder when 126676 is divided by 1243?
1133
What is the remainder when 132070 is divided by 6003?
4
What is the remainder when 139010 is divided by 4212?
14
What is the remainder when 491674 is divided by 338?
222
Calculate the remainder when 7811 is divided by 157.
118
Calculate the remainder when 115002 is divided by 827.
49
Calculate the remainder when 683852 is divided by 317.
83
Calculate the remainder when 26310 is divided by 4051.
2004
What is the remainder when 119373768 is divided by 2170432?
8
Calculate the remainder when 14343564 is divided by 3585889.
8
Calculate the remainder when 48847 is divided by 48521.
326
What is the remainder when 1719423 is divided by 573141?
0
What is the remainder when 6299048626 is divided by 939?
937
Calculate the remainder when 1170132 is divided by 390018.
78
What is the remainder when 1385956 is divided by 42?
40
What is the remainder when 9288444 is divided by 416?
412
What is the remainder when 291521 is divided by 422?
341
What is the remainder when 721500113 is divided by 6012?
6005
Calculate the remainder when 2813440 is divided by 780.
760
What is the remainder when 7091474 is divided by 4911?
4901
Calculate the remainder when 781221 is divided by 65070.
381
What is the remainder when 130761 is divided by 130629?
132
What is the remainder when 25284 is divided by 3969?
1470
What is the remainder when 8426736 is divided by 4213233?
270
Calculate the remainder when 2543400 is divided by 90.
0
Calculate the remainder when 1623020 is divided by 64.
44
Calculate the remainder when 98397 is divided by 1244.
121
Calculate the remainder when 7590892 is divided by 199.
37
What is the remainder when 1056647 is divided by 23?
4
Calculate the remainder when 354491 is divided by 831.
485
Calculate the remainder when 19881 is divided by 4791.
717
What is the remainder when 25796946 is divided by 16994?
54
What is the remainder when 1416440 is divided by 15?
5
Calculate the remainder when 37828249 is divided by 16.
9
Calculate the remainder when 8753536 is divided by 32908.
8
What is the remainder when 1387777 is divided by 33848?
9
Calculate the remainder when 4279541 is divided by 324.
149
What is the remainder when 725882 is divided by 1122?
1070
What is the remainder w